{"id":102,"date":"2020-01-27T11:03:52","date_gmt":"2020-01-27T11:03:52","guid":{"rendered":"https:\/\/jpic-assumpta.org\/?page_id=102"},"modified":"2020-02-18T11:35:21","modified_gmt":"2020-02-18T11:35:21","slug":"celebration","status":"publish","type":"page","link":"https:\/\/jpic-assumpta.org\/index.php\/celebration\/","title":{"rendered":"Celebration"},"content":{"rendered":"\t\t<div data-elementor-type=\"wp-page\" data-elementor-id=\"102\" class=\"elementor elementor-102\" data-elementor-post-type=\"page\">\n\t\t\t\t\t\t<section class=\"elementor-section elementor-top-section elementor-element elementor-element-27e7a359 elementor-section-height-min-height elementor-section-full_width elementor-section-height-default elementor-section-items-middle\" data-id=\"27e7a359\" data-element_type=\"section\" data-e-type=\"section\" data-settings=\"{&quot;background_background&quot;:&quot;classic&quot;}\">\n\t\t\t\t\t\t<div class=\"elementor-container elementor-column-gap-default\">\n\t\t\t\t\t<div class=\"elementor-column elementor-col-100 elementor-top-column elementor-element elementor-element-1ec39a97\" data-id=\"1ec39a97\" data-element_type=\"column\" data-e-type=\"column\">\n\t\t\t<div class=\"elementor-widget-wrap elementor-element-populated\">\n\t\t\t\t\t\t<div class=\"elementor-element elementor-element-6c9968fe elementor-widget elementor-widget-heading\" data-id=\"6c9968fe\" data-element_type=\"widget\" data-e-type=\"widget\" data-widget_type=\"heading.default\">\n\t\t\t\t<div class=\"elementor-widget-container\">\n\t\t\t\t\t<h1 class=\"elementor-heading-title elementor-size-default\">Celebration<\/h1>\t\t\t\t<\/div>\n\t\t\t\t<\/div>\n\t\t\t\t\t<\/div>\n\t\t<\/div>\n\t\t\t\t\t<\/div>\n\t\t<\/section>\n\t\t\t\t<section class=\"elementor-section elementor-top-section elementor-element elementor-element-3921cdb9 elementor-section-full_width elementor-section-height-default elementor-section-height-default\" data-id=\"3921cdb9\" data-element_type=\"section\" data-e-type=\"section\" data-settings=\"{&quot;background_background&quot;:&quot;classic&quot;}\">\n\t\t\t\t\t\t<div class=\"elementor-container elementor-column-gap-default\">\n\t\t\t\t\t<div class=\"elementor-column elementor-col-100 elementor-top-column elementor-element elementor-element-7f48d4b1\" data-id=\"7f48d4b1\" data-element_type=\"column\" data-e-type=\"column\">\n\t\t\t<div class=\"elementor-widget-wrap elementor-element-populated\">\n\t\t\t\t\t\t<div class=\"elementor-element elementor-element-5c8fba08 elementor-posts--align-left elementor-grid-3 elementor-grid-tablet-2 elementor-grid-mobile-1 elementor-posts--thumbnail-top elementor-posts__hover-gradient elementor-widget elementor-widget-posts\" data-id=\"5c8fba08\" data-element_type=\"widget\" data-e-type=\"widget\" data-settings=\"{&quot;cards_row_gap&quot;:{&quot;unit&quot;:&quot;px&quot;,&quot;size&quot;:60,&quot;sizes&quot;:[]},&quot;pagination_type&quot;:&quot;numbers&quot;,&quot;cards_columns&quot;:&quot;3&quot;,&quot;cards_columns_tablet&quot;:&quot;2&quot;,&quot;cards_columns_mobile&quot;:&quot;1&quot;,&quot;cards_row_gap_tablet&quot;:{&quot;unit&quot;:&quot;px&quot;,&quot;size&quot;:&quot;&quot;,&quot;sizes&quot;:[]},&quot;cards_row_gap_mobile&quot;:{&quot;unit&quot;:&quot;px&quot;,&quot;size&quot;:&quot;&quot;,&quot;sizes&quot;:[]}}\" data-widget_type=\"posts.cards\">\n\t\t\t\t<div class=\"elementor-widget-container\">\n\t\t\t\t\t\t\t<div class=\"elementor-posts-container elementor-posts elementor-posts--skin-cards elementor-grid\" role=\"list\">\n\t\t\t\t<article class=\"elementor-post elementor-grid-item post-2846 post type-post status-publish format-standard has-post-thumbnail hentry category-celebration category-liturgie\" role=\"listitem\">\n\t\t\t<div class=\"elementor-post__card\">\n\t\t\t\t<a class=\"elementor-post__thumbnail__link\" href=\"https:\/\/jpic-assumpta.org\/index.php\/2026\/02\/28\/celebration-en-memoire-de-la-soeur-rene-guido-poppa-et-laspirante-francoise-nyirangendo-25-fevrier\/\" tabindex=\"-1\" ><div class=\"elementor-post__thumbnail\"><img fetchpriority=\"high\" decoding=\"async\" width=\"300\" height=\"171\" src=\"https:\/\/jpic-assumpta.org\/wp-content\/uploads\/2026\/02\/Sr-Poppa-300x171.jpg\" class=\"attachment-medium size-medium wp-image-2848\" alt=\"\" srcset=\"https:\/\/jpic-assumpta.org\/wp-content\/uploads\/2026\/02\/Sr-Poppa-300x171.jpg 300w, https:\/\/jpic-assumpta.org\/wp-content\/uploads\/2026\/02\/Sr-Poppa.jpg 364w\" sizes=\"(max-width: 300px) 100vw, 300px\" \/><\/div><\/a>\n\t\t\t\t<div class=\"elementor-post__text\">\n\t\t\t\t<h3 class=\"elementor-post__title\">\n\t\t\t<a href=\"https:\/\/jpic-assumpta.org\/index.php\/2026\/02\/28\/celebration-en-memoire-de-la-soeur-rene-guido-poppa-et-laspirante-francoise-nyirangendo-25-fevrier\/\" >\n\t\t\t\tCELEBRATION EN MEMOIRE DE LA S\u0152UR RENE GUIDO POPPA ET L\u2019ASPIRANTE FRANCOISE NYIRANGENDO ( 25 f\u00e9vrier)\t\t\t<\/a>\n\t\t<\/h3>\n\t\t\t\t<div class=\"elementor-post__excerpt\">\n\t\t\t<p>\u00ab\u00a0S\u0153ur Ren\u00e9e-Guido a donn\u00e9 sa vie dans l\u2019accomplissement de sa mission pour sauver nos jeunes aspirantes. Sa vie aura un retentissement pour la paix\u00a0; Soyez<\/p>\n\t\t<\/div>\n\t\t\n\t\t<a class=\"elementor-post__read-more\" href=\"https:\/\/jpic-assumpta.org\/index.php\/2026\/02\/28\/celebration-en-memoire-de-la-soeur-rene-guido-poppa-et-laspirante-francoise-nyirangendo-25-fevrier\/\" aria-label=\"En savoir plus sur CELEBRATION EN MEMOIRE DE LA S\u0152UR RENE GUIDO POPPA ET L\u2019ASPIRANTE FRANCOISE NYIRANGENDO ( 25 f\u00e9vrier)\" tabindex=\"-1\" >\n\t\t\tContinuer \u00e0 lire\t\t<\/a>\n\n\t\t\t\t<\/div>\n\t\t\t\t<div class=\"elementor-post__meta-data\">\n\t\t\t\t\t<span class=\"elementor-post-date\">\n\t\t\tf\u00e9vrier 28, 2026\t\t<\/span>\n\t\t\t\t<\/div>\n\t\t\t\t\t<\/div>\n\t\t<\/article>\n\t\t\t\t<article class=\"elementor-post elementor-grid-item post-2842 post type-post status-publish format-standard has-post-thumbnail hentry category-liturgie\" role=\"listitem\">\n\t\t\t<div class=\"elementor-post__card\">\n\t\t\t\t<a class=\"elementor-post__thumbnail__link\" href=\"https:\/\/jpic-assumpta.org\/index.php\/2026\/02\/21\/message-du-saint-pere-leon-xiv-pour-le-careme-2026\/\" tabindex=\"-1\" ><div class=\"elementor-post__thumbnail\"><img decoding=\"async\" width=\"300\" height=\"169\" src=\"https:\/\/jpic-assumpta.org\/wp-content\/uploads\/2026\/02\/cq5dam.thumbnail.cropped.750.422-300x169.jpeg\" class=\"attachment-medium size-medium wp-image-2844\" alt=\"\" srcset=\"https:\/\/jpic-assumpta.org\/wp-content\/uploads\/2026\/02\/cq5dam.thumbnail.cropped.750.422-300x169.jpeg 300w, https:\/\/jpic-assumpta.org\/wp-content\/uploads\/2026\/02\/cq5dam.thumbnail.cropped.750.422.jpeg 750w\" sizes=\"(max-width: 300px) 100vw, 300px\" \/><\/div><\/a>\n\t\t\t\t<div class=\"elementor-post__text\">\n\t\t\t\t<h3 class=\"elementor-post__title\">\n\t\t\t<a href=\"https:\/\/jpic-assumpta.org\/index.php\/2026\/02\/21\/message-du-saint-pere-leon-xiv-pour-le-careme-2026\/\" >\n\t\t\t\tMESSAGE DU SAINT-P\u00c8RE L\u00c9ON XIV\u00a0POUR LE CAR\u00caME 2026\t\t\t<\/a>\n\t\t<\/h3>\n\t\t\t\t<div class=\"elementor-post__excerpt\">\n\t\t\t<p>Dans son message pour le Car\u00eame 2026, publi\u00e9 vendredi 13 f\u00e9vrier depuis la Cit\u00e9 du Vatican, le Pape L\u00e9on XIV invite les fid\u00e8les \u00e0 vivre<\/p>\n\t\t<\/div>\n\t\t\n\t\t<a class=\"elementor-post__read-more\" href=\"https:\/\/jpic-assumpta.org\/index.php\/2026\/02\/21\/message-du-saint-pere-leon-xiv-pour-le-careme-2026\/\" aria-label=\"En savoir plus sur MESSAGE DU SAINT-P\u00c8RE L\u00c9ON XIV\u00a0POUR LE CAR\u00caME 2026\" tabindex=\"-1\" >\n\t\t\tContinuer \u00e0 lire\t\t<\/a>\n\n\t\t\t\t<\/div>\n\t\t\t\t<div class=\"elementor-post__meta-data\">\n\t\t\t\t\t<span class=\"elementor-post-date\">\n\t\t\tf\u00e9vrier 21, 2026\t\t<\/span>\n\t\t\t\t<\/div>\n\t\t\t\t\t<\/div>\n\t\t<\/article>\n\t\t\t\t<article class=\"elementor-post elementor-grid-item post-2500 post type-post status-publish format-standard has-post-thumbnail hentry category-liturgie tag-francais\" role=\"listitem\">\n\t\t\t<div class=\"elementor-post__card\">\n\t\t\t\t<a class=\"elementor-post__thumbnail__link\" href=\"https:\/\/jpic-assumpta.org\/index.php\/2025\/07\/04\/priere-des-migrants\/\" tabindex=\"-1\" ><div class=\"elementor-post__thumbnail\"><img decoding=\"async\" width=\"300\" height=\"300\" src=\"https:\/\/jpic-assumpta.org\/wp-content\/uploads\/2025\/07\/2-300x300.jpg\" class=\"attachment-medium size-medium wp-image-2509\" alt=\"\" srcset=\"https:\/\/jpic-assumpta.org\/wp-content\/uploads\/2025\/07\/2-300x300.jpg 300w, https:\/\/jpic-assumpta.org\/wp-content\/uploads\/2025\/07\/2-1024x1024.jpg 1024w, https:\/\/jpic-assumpta.org\/wp-content\/uploads\/2025\/07\/2-150x150.jpg 150w, https:\/\/jpic-assumpta.org\/wp-content\/uploads\/2025\/07\/2-768x768.jpg 768w, https:\/\/jpic-assumpta.org\/wp-content\/uploads\/2025\/07\/2-1536x1536.jpg 1536w, https:\/\/jpic-assumpta.org\/wp-content\/uploads\/2025\/07\/2.jpg 1654w\" sizes=\"(max-width: 300px) 100vw, 300px\" \/><\/div><\/a>\n\t\t\t\t<div class=\"elementor-post__badge\">Fran\u00e7ais<\/div>\n\t\t\t\t<div class=\"elementor-post__text\">\n\t\t\t\t<h3 class=\"elementor-post__title\">\n\t\t\t<a href=\"https:\/\/jpic-assumpta.org\/index.php\/2025\/07\/04\/priere-des-migrants\/\" >\n\t\t\t\tPri\u00e8re des migrants\t\t\t<\/a>\n\t\t<\/h3>\n\t\t\t\t<div class=\"elementor-post__excerpt\">\n\t\t\t<p>J&rsquo;AI LAISS\u00c9 DERRI\u00c8RE MOI&#8230; J\u2019ai choisi de partir, Seigneur. J\u2019ai laiss\u00e9 derri\u00e8re moi les vergers de mon village, la morsure de la famine, les rires<\/p>\n\t\t<\/div>\n\t\t\n\t\t<a class=\"elementor-post__read-more\" href=\"https:\/\/jpic-assumpta.org\/index.php\/2025\/07\/04\/priere-des-migrants\/\" aria-label=\"En savoir plus sur Pri\u00e8re des migrants\" tabindex=\"-1\" >\n\t\t\tContinuer \u00e0 lire\t\t<\/a>\n\n\t\t\t\t<\/div>\n\t\t\t\t<div class=\"elementor-post__meta-data\">\n\t\t\t\t\t<span class=\"elementor-post-date\">\n\t\t\tjuillet 4, 2025\t\t<\/span>\n\t\t\t\t<\/div>\n\t\t\t\t\t<\/div>\n\t\t<\/article>\n\t\t\t\t<article class=\"elementor-post elementor-grid-item post-2439 post type-post status-publish format-standard hentry category-celebration\" role=\"listitem\">\n\t\t\t<div class=\"elementor-post__card\">\n\t\t\t\t<div class=\"elementor-post__text\">\n\t\t\t\t<h3 class=\"elementor-post__title\">\n\t\t\t<a href=\"https:\/\/jpic-assumpta.org\/index.php\/2025\/06\/11\/celebracion-vigilia-de-oracion-de-santa-bakhita-2025\/\" >\n\t\t\t\tCELEBRACI\u00d3N Vigilia de Oraci\u00f3n de Santa Bakhita 2025\t\t\t<\/a>\n\t\t<\/h3>\n\t\t\t\t<div class=\"elementor-post__excerpt\">\n\t\t\t<p>Dar esperanza a las v\u00edctimas de trata y comprometernos por eliminarla Preparada por la Comisi\u00f3n contra la Trata de Personas de la di\u00f3cesis de Madrid<\/p>\n\t\t<\/div>\n\t\t\n\t\t<a class=\"elementor-post__read-more\" href=\"https:\/\/jpic-assumpta.org\/index.php\/2025\/06\/11\/celebracion-vigilia-de-oracion-de-santa-bakhita-2025\/\" aria-label=\"En savoir plus sur CELEBRACI\u00d3N Vigilia de Oraci\u00f3n de Santa Bakhita 2025\" tabindex=\"-1\" >\n\t\t\tContinuer \u00e0 lire\t\t<\/a>\n\n\t\t\t\t<\/div>\n\t\t\t\t<div class=\"elementor-post__meta-data\">\n\t\t\t\t\t<span class=\"elementor-post-date\">\n\t\t\tjuin 11, 2025\t\t<\/span>\n\t\t\t\t<\/div>\n\t\t\t\t\t<\/div>\n\t\t<\/article>\n\t\t\t\t<article class=\"elementor-post elementor-grid-item post-2428 post type-post status-publish format-standard has-post-thumbnail hentry category-celebration tag-english\" role=\"listitem\">\n\t\t\t<div class=\"elementor-post__card\">\n\t\t\t\t<a class=\"elementor-post__thumbnail__link\" href=\"https:\/\/jpic-assumpta.org\/index.php\/2025\/05\/09\/a-little-sister-of-the-assumption-being-beatified\/\" tabindex=\"-1\" ><div class=\"elementor-post__thumbnail\"><img loading=\"lazy\" decoding=\"async\" width=\"300\" height=\"300\" src=\"https:\/\/jpic-assumpta.org\/wp-content\/uploads\/2025\/05\/PSA-Paul-Helene-2-300x300.jpg\" class=\"attachment-medium size-medium wp-image-2430\" alt=\"\" srcset=\"https:\/\/jpic-assumpta.org\/wp-content\/uploads\/2025\/05\/PSA-Paul-Helene-2-300x300.jpg 300w, https:\/\/jpic-assumpta.org\/wp-content\/uploads\/2025\/05\/PSA-Paul-Helene-2-1024x1024.jpg 1024w, https:\/\/jpic-assumpta.org\/wp-content\/uploads\/2025\/05\/PSA-Paul-Helene-2-150x150.jpg 150w, https:\/\/jpic-assumpta.org\/wp-content\/uploads\/2025\/05\/PSA-Paul-Helene-2-768x768.jpg 768w, https:\/\/jpic-assumpta.org\/wp-content\/uploads\/2025\/05\/PSA-Paul-Helene-2-1536x1536.jpg 1536w, https:\/\/jpic-assumpta.org\/wp-content\/uploads\/2025\/05\/PSA-Paul-Helene-2.jpg 1654w\" sizes=\"(max-width: 300px) 100vw, 300px\" \/><\/div><\/a>\n\t\t\t\t<div class=\"elementor-post__badge\">English<\/div>\n\t\t\t\t<div class=\"elementor-post__text\">\n\t\t\t\t<h3 class=\"elementor-post__title\">\n\t\t\t<a href=\"https:\/\/jpic-assumpta.org\/index.php\/2025\/05\/09\/a-little-sister-of-the-assumption-being-beatified\/\" >\n\t\t\t\tA LITTLE SISTER OF THE ASSUMPTION BEING BEATIFIED\t\t\t<\/a>\n\t\t<\/h3>\n\t\t\t\t<div class=\"elementor-post__excerpt\">\n\t\t\t<p>December 8th, one of our own French Little Sisters, Sr. Paul Helene will be recognized by theChurch and will be Beatified along with 18 other<\/p>\n\t\t<\/div>\n\t\t\n\t\t<a class=\"elementor-post__read-more\" href=\"https:\/\/jpic-assumpta.org\/index.php\/2025\/05\/09\/a-little-sister-of-the-assumption-being-beatified\/\" aria-label=\"En savoir plus sur A LITTLE SISTER OF THE ASSUMPTION BEING BEATIFIED\" tabindex=\"-1\" >\n\t\t\tContinuer \u00e0 lire\t\t<\/a>\n\n\t\t\t\t<\/div>\n\t\t\t\t<div class=\"elementor-post__meta-data\">\n\t\t\t\t\t<span class=\"elementor-post-date\">\n\t\t\tmai 9, 2025\t\t<\/span>\n\t\t\t\t<\/div>\n\t\t\t\t\t<\/div>\n\t\t<\/article>\n\t\t\t\t<article class=\"elementor-post elementor-grid-item post-2329 post type-post status-publish format-standard has-post-thumbnail hentry category-prieres tag-francais\" role=\"listitem\">\n\t\t\t<div class=\"elementor-post__card\">\n\t\t\t\t<a class=\"elementor-post__thumbnail__link\" href=\"https:\/\/jpic-assumpta.org\/index.php\/2025\/02\/22\/a-dieu-qui-marche-avec-son-peuple-migrant\/\" tabindex=\"-1\" ><div class=\"elementor-post__thumbnail\"><img loading=\"lazy\" decoding=\"async\" width=\"300\" height=\"300\" src=\"https:\/\/jpic-assumpta.org\/wp-content\/uploads\/2025\/02\/Design-sem-nome-8-300x300.png\" class=\"attachment-medium size-medium wp-image-2330\" alt=\"\" srcset=\"https:\/\/jpic-assumpta.org\/wp-content\/uploads\/2025\/02\/Design-sem-nome-8-300x300.png 300w, https:\/\/jpic-assumpta.org\/wp-content\/uploads\/2025\/02\/Design-sem-nome-8-1024x1024.png 1024w, https:\/\/jpic-assumpta.org\/wp-content\/uploads\/2025\/02\/Design-sem-nome-8-150x150.png 150w, https:\/\/jpic-assumpta.org\/wp-content\/uploads\/2025\/02\/Design-sem-nome-8-768x768.png 768w, https:\/\/jpic-assumpta.org\/wp-content\/uploads\/2025\/02\/Design-sem-nome-8-1536x1536.png 1536w, https:\/\/jpic-assumpta.org\/wp-content\/uploads\/2025\/02\/Design-sem-nome-8.png 1654w\" sizes=\"(max-width: 300px) 100vw, 300px\" \/><\/div><\/a>\n\t\t\t\t<div class=\"elementor-post__badge\">Fran\u00e7ais<\/div>\n\t\t\t\t<div class=\"elementor-post__text\">\n\t\t\t\t<h3 class=\"elementor-post__title\">\n\t\t\t<a href=\"https:\/\/jpic-assumpta.org\/index.php\/2025\/02\/22\/a-dieu-qui-marche-avec-son-peuple-migrant\/\" >\n\t\t\t\tA Dieu qui marche avec son peuple migrant.\t\t\t<\/a>\n\t\t<\/h3>\n\t\t\t\t<div class=\"elementor-post__excerpt\">\n\t\t\t<p>Avec tous les migrants, les r\u00e9fugi\u00e9s et les d\u00e9plac\u00e9s des guerres nous nous tournons vers toi, Seigneur, le Dieu de mis\u00e9ricorde. C&rsquo;est toi qui es<\/p>\n\t\t<\/div>\n\t\t\n\t\t<a class=\"elementor-post__read-more\" href=\"https:\/\/jpic-assumpta.org\/index.php\/2025\/02\/22\/a-dieu-qui-marche-avec-son-peuple-migrant\/\" aria-label=\"En savoir plus sur A Dieu qui marche avec son peuple migrant.\" tabindex=\"-1\" >\n\t\t\tContinuer \u00e0 lire\t\t<\/a>\n\n\t\t\t\t<\/div>\n\t\t\t\t<div class=\"elementor-post__meta-data\">\n\t\t\t\t\t<span class=\"elementor-post-date\">\n\t\t\tf\u00e9vrier 22, 2025\t\t<\/span>\n\t\t\t\t<\/div>\n\t\t\t\t\t<\/div>\n\t\t<\/article>\n\t\t\t\t<article class=\"elementor-post elementor-grid-item post-2318 post type-post status-publish format-standard has-post-thumbnail hentry category-celebration\" role=\"listitem\">\n\t\t\t<div class=\"elementor-post__card\">\n\t\t\t\t<a class=\"elementor-post__thumbnail__link\" href=\"https:\/\/jpic-assumpta.org\/index.php\/2024\/06\/07\/mass-for-the-world-day-of-prayer-for-migrants-and-refugees\/\" tabindex=\"-1\" ><div class=\"elementor-post__thumbnail\"><img loading=\"lazy\" decoding=\"async\" width=\"300\" height=\"208\" src=\"https:\/\/jpic-assumpta.org\/wp-content\/uploads\/2024\/06\/oracion-300x208.png\" class=\"attachment-medium size-medium wp-image-2319\" alt=\"\" srcset=\"https:\/\/jpic-assumpta.org\/wp-content\/uploads\/2024\/06\/oracion-300x208.png 300w, https:\/\/jpic-assumpta.org\/wp-content\/uploads\/2024\/06\/oracion-1024x711.png 1024w, https:\/\/jpic-assumpta.org\/wp-content\/uploads\/2024\/06\/oracion-768x533.png 768w, https:\/\/jpic-assumpta.org\/wp-content\/uploads\/2024\/06\/oracion-1536x1066.png 1536w, https:\/\/jpic-assumpta.org\/wp-content\/uploads\/2024\/06\/oracion.png 1544w\" sizes=\"(max-width: 300px) 100vw, 300px\" \/><\/div><\/a>\n\t\t\t\t<div class=\"elementor-post__text\">\n\t\t\t\t<h3 class=\"elementor-post__title\">\n\t\t\t<a href=\"https:\/\/jpic-assumpta.org\/index.php\/2024\/06\/07\/mass-for-the-world-day-of-prayer-for-migrants-and-refugees\/\" >\n\t\t\t\tMASS FOR THE WORLD DAY OF PRAYER FOR MIGRANTS AND REFUGEES\t\t\t<\/a>\n\t\t<\/h3>\n\t\t\t\t<div class=\"elementor-post__excerpt\">\n\t\t\t<p>&nbsp;&nbsp;&nbsp;&nbsp;&nbsp;&nbsp;&nbsp;&nbsp;&nbsp;&nbsp;&nbsp;&nbsp;&nbsp; Intercessory&nbsp; Prayer&nbsp; &nbsp;(in different languages) Introductory Song: &nbsp;&nbsp;&nbsp;&nbsp;&nbsp;He&rsquo;s got the whold world in#83A Celebrant : &nbsp;Merciful God and Father of all, wake us from<\/p>\n\t\t<\/div>\n\t\t\n\t\t<a class=\"elementor-post__read-more\" href=\"https:\/\/jpic-assumpta.org\/index.php\/2024\/06\/07\/mass-for-the-world-day-of-prayer-for-migrants-and-refugees\/\" aria-label=\"En savoir plus sur MASS FOR THE WORLD DAY OF PRAYER FOR MIGRANTS AND REFUGEES\" tabindex=\"-1\" >\n\t\t\tContinuer \u00e0 lire\t\t<\/a>\n\n\t\t\t\t<\/div>\n\t\t\t\t<div class=\"elementor-post__meta-data\">\n\t\t\t\t\t<span class=\"elementor-post-date\">\n\t\t\tjuin 7, 2024\t\t<\/span>\n\t\t\t\t<\/div>\n\t\t\t\t\t<\/div>\n\t\t<\/article>\n\t\t\t\t<article class=\"elementor-post elementor-grid-item post-2303 post type-post status-publish format-standard has-post-thumbnail hentry category-prieres tag-francais\" role=\"listitem\">\n\t\t\t<div class=\"elementor-post__card\">\n\t\t\t\t<a class=\"elementor-post__thumbnail__link\" href=\"https:\/\/jpic-assumpta.org\/index.php\/2024\/06\/07\/ensemble-louons-le-createur\/\" tabindex=\"-1\" ><div class=\"elementor-post__thumbnail\"><img loading=\"lazy\" decoding=\"async\" width=\"300\" height=\"225\" src=\"https:\/\/jpic-assumpta.org\/wp-content\/uploads\/2024\/05\/IMG-20240424-WA0004-300x225.jpg\" class=\"attachment-medium size-medium wp-image-2286\" alt=\"\" srcset=\"https:\/\/jpic-assumpta.org\/wp-content\/uploads\/2024\/05\/IMG-20240424-WA0004-300x225.jpg 300w, https:\/\/jpic-assumpta.org\/wp-content\/uploads\/2024\/05\/IMG-20240424-WA0004-768x576.jpg 768w, https:\/\/jpic-assumpta.org\/wp-content\/uploads\/2024\/05\/IMG-20240424-WA0004.jpg 1024w\" sizes=\"(max-width: 300px) 100vw, 300px\" \/><\/div><\/a>\n\t\t\t\t<div class=\"elementor-post__badge\">Fran\u00e7ais<\/div>\n\t\t\t\t<div class=\"elementor-post__text\">\n\t\t\t\t<h3 class=\"elementor-post__title\">\n\t\t\t<a href=\"https:\/\/jpic-assumpta.org\/index.php\/2024\/06\/07\/ensemble-louons-le-createur\/\" >\n\t\t\t\tENSEMBLE, LOUONS LE CREATEUR\u00a0\u00a0\u00a0\u00a0\t\t\t<\/a>\n\t\t<\/h3>\n\t\t\t\t<div class=\"elementor-post__excerpt\">\n\t\t\t<p>Seigneur Notre Dieu, Auteur et Cr\u00e9ateur du ciel et de la terre, de toutes les choses visibles et invisibles, Nous te remercions pour avoir cr\u00e9\u00e9<\/p>\n\t\t<\/div>\n\t\t\n\t\t<a class=\"elementor-post__read-more\" href=\"https:\/\/jpic-assumpta.org\/index.php\/2024\/06\/07\/ensemble-louons-le-createur\/\" aria-label=\"En savoir plus sur ENSEMBLE, LOUONS LE CREATEUR\u00a0\u00a0\u00a0\u00a0\" tabindex=\"-1\" >\n\t\t\tContinuer \u00e0 lire\t\t<\/a>\n\n\t\t\t\t<\/div>\n\t\t\t\t<div class=\"elementor-post__meta-data\">\n\t\t\t\t\t<span class=\"elementor-post-date\">\n\t\t\tjuin 7, 2024\t\t<\/span>\n\t\t\t\t<\/div>\n\t\t\t\t\t<\/div>\n\t\t<\/article>\n\t\t\t\t<article class=\"elementor-post elementor-grid-item post-2299 post type-post status-publish format-standard has-post-thumbnail hentry category-prieres tag-espanol\" role=\"listitem\">\n\t\t\t<div class=\"elementor-post__card\">\n\t\t\t\t<a class=\"elementor-post__thumbnail__link\" href=\"https:\/\/jpic-assumpta.org\/index.php\/2024\/06\/07\/oracion-por-la-paz-2\/\" tabindex=\"-1\" ><div class=\"elementor-post__thumbnail\"><img loading=\"lazy\" decoding=\"async\" width=\"212\" height=\"300\" src=\"https:\/\/jpic-assumpta.org\/wp-content\/uploads\/2024\/05\/Oracion-212x300.png\" class=\"attachment-medium size-medium wp-image-2275\" alt=\"\" srcset=\"https:\/\/jpic-assumpta.org\/wp-content\/uploads\/2024\/05\/Oracion-212x300.png 212w, https:\/\/jpic-assumpta.org\/wp-content\/uploads\/2024\/05\/Oracion-724x1024.png 724w, https:\/\/jpic-assumpta.org\/wp-content\/uploads\/2024\/05\/Oracion-768x1086.png 768w, https:\/\/jpic-assumpta.org\/wp-content\/uploads\/2024\/05\/Oracion-1086x1536.png 1086w, https:\/\/jpic-assumpta.org\/wp-content\/uploads\/2024\/05\/Oracion-1448x2048.png 1448w, https:\/\/jpic-assumpta.org\/wp-content\/uploads\/2024\/05\/Oracion.png 1587w\" sizes=\"(max-width: 212px) 100vw, 212px\" \/><\/div><\/a>\n\t\t\t\t<div class=\"elementor-post__badge\">Espa\u00f1ol<\/div>\n\t\t\t\t<div class=\"elementor-post__text\">\n\t\t\t\t<h3 class=\"elementor-post__title\">\n\t\t\t<a href=\"https:\/\/jpic-assumpta.org\/index.php\/2024\/06\/07\/oracion-por-la-paz-2\/\" >\n\t\t\t\tORACI\u00d3N POR LA PAZ\t\t\t<\/a>\n\t\t<\/h3>\n\t\t\t\t<div class=\"elementor-post__excerpt\">\n\t\t\t<p>\u00a1Tiempo de paz, tiempo de descanso! No es la hora del miedo y la soledad. No es el tiempo de la dispersi\u00f3n. No es el<\/p>\n\t\t<\/div>\n\t\t\n\t\t<a class=\"elementor-post__read-more\" href=\"https:\/\/jpic-assumpta.org\/index.php\/2024\/06\/07\/oracion-por-la-paz-2\/\" aria-label=\"En savoir plus sur ORACI\u00d3N POR LA PAZ\" tabindex=\"-1\" >\n\t\t\tContinuer \u00e0 lire\t\t<\/a>\n\n\t\t\t\t<\/div>\n\t\t\t\t<div class=\"elementor-post__meta-data\">\n\t\t\t\t\t<span class=\"elementor-post-date\">\n\t\t\tjuin 7, 2024\t\t<\/span>\n\t\t\t\t<\/div>\n\t\t\t\t\t<\/div>\n\t\t<\/article>\n\t\t\t\t<\/div>\n\t\t\n\t\t\t\t<div class=\"e-load-more-anchor\" data-page=\"1\" data-max-page=\"9\" data-next-page=\"https:\/\/jpic-assumpta.org\/index.php\/wp-json\/wp\/v2\/pages\/102\/page\/2\/\"><\/div>\n\t\t\t\t<nav class=\"elementor-pagination\" aria-label=\"Pagination\">\n\t\t\t<span aria-current=\"page\" class=\"page-numbers current\"><span class=\"elementor-screen-only\">Page<\/span>1<\/span>\n<a class=\"page-numbers\" href=\"https:\/\/jpic-assumpta.org\/index.php\/wp-json\/wp\/v2\/pages\/102\/page\/2\/\"><span class=\"elementor-screen-only\">Page<\/span>2<\/a>\n<a class=\"page-numbers\" href=\"https:\/\/jpic-assumpta.org\/index.php\/wp-json\/wp\/v2\/pages\/102\/page\/3\/\"><span class=\"elementor-screen-only\">Page<\/span>3<\/a>\n<a class=\"page-numbers\" href=\"https:\/\/jpic-assumpta.org\/index.php\/wp-json\/wp\/v2\/pages\/102\/page\/4\/\"><span class=\"elementor-screen-only\">Page<\/span>4<\/a>\n<a class=\"page-numbers\" href=\"https:\/\/jpic-assumpta.org\/index.php\/wp-json\/wp\/v2\/pages\/102\/page\/5\/\"><span class=\"elementor-screen-only\">Page<\/span>5<\/a>\t\t<\/nav>\n\t\t\t\t\t\t<\/div>\n\t\t\t\t<\/div>\n\t\t\t\t\t<\/div>\n\t\t<\/div>\n\t\t\t\t\t<\/div>\n\t\t<\/section>\n\t\t\t\t<\/div>\n\t\t","protected":false},"excerpt":{"rendered":"<p>Celebration<\/p>\n","protected":false},"author":1,"featured_media":0,"parent":0,"menu_order":0,"comment_status":"closed","ping_status":"closed","template":"","meta":{"footnotes":""},"class_list":["post-102","page","type-page","status-publish","hentry"],"_links":{"self":[{"href":"https:\/\/jpic-assumpta.org\/index.php\/wp-json\/wp\/v2\/pages\/102","targetHints":{"allow":["GET"]}}],"collection":[{"href":"https:\/\/jpic-assumpta.org\/index.php\/wp-json\/wp\/v2\/pages"}],"about":[{"href":"https:\/\/jpic-assumpta.org\/index.php\/wp-json\/wp\/v2\/types\/page"}],"author":[{"embeddable":true,"href":"https:\/\/jpic-assumpta.org\/index.php\/wp-json\/wp\/v2\/users\/1"}],"replies":[{"embeddable":true,"href":"https:\/\/jpic-assumpta.org\/index.php\/wp-json\/wp\/v2\/comments?post=102"}],"version-history":[{"count":9,"href":"https:\/\/jpic-assumpta.org\/index.php\/wp-json\/wp\/v2\/pages\/102\/revisions"}],"predecessor-version":[{"id":687,"href":"https:\/\/jpic-assumpta.org\/index.php\/wp-json\/wp\/v2\/pages\/102\/revisions\/687"}],"wp:attachment":[{"href":"https:\/\/jpic-assumpta.org\/index.php\/wp-json\/wp\/v2\/media?parent=102"}],"curies":[{"name":"wp","href":"https:\/\/api.w.org\/{rel}","templated":true}]}}